ist the prime factors of -188*66/(-20) + i/25.
2, 5, 31
Suppose d = -d + 18. Let b(x) = 86*x - 252*x + 87*x + 90*x - 55. What are the prime factors of b(d)?
2, 11
Let s = -23280 + 41438. What are the prime factors of s?
2, 7, 1297
Suppose 15*n - 19 - 56 = 0. Suppose -2*s + n*u = -160, s - 64 = -5*u + 46. What are the prime factors of s?
2, 3, 5
Let n(t) = 5*t**2 - 19 + 44*t - 7*t + 4*t**2. What are the prime factors of n(-10)?
7, 73
Let a(v) = 2*v + 2. Let m be a(2). Let x(p) = -5*p**2 + 17*p + 38. Let b(s) = -2*s**2 + 2*s + 6. Let y(n) = -5*b(n) + x(n). What are the prime factors of y(m)?
2, 5, 23
Suppose 2*w - 490 = 228. Suppose 75*b = 76*b - w. What are the prime factors of b?
359
Let k be (-4 - (-4 + 2))*10/(-20). Let p be (2 - k) + 825/(-5 + 6). Suppose -3*o - 9*s = -4*s - p, 2*o = 5*s + 509. List the prime factors of o.
3, 89
Suppose a + 52589 = 8*t, 5*t = 7*a - 3*a + 32885. List the prime factors of t.
3, 7, 313
Suppose -5*k + 189 = 2*k. List the prime factors of 33*(1008/k + 4).
2, 11, 31
Suppose 0 = -4*o + 2 - 6, 0 = -2*x - 5*o - 29. Let m(c) be the second derivative of c**5/20 + c**4 - 4*c**3/3 + c**2 + 9*c. List the prime factors of m(x).
2, 7
Let x(p) = -5*p - 17. Let t be x(-5). Let l be ((-64)/(-28))/t + (-88)/14. List the prime factors of (72/(-4))/(9/l).
2, 3
Suppose 58663 + 5652 = 15*g - 68195. List the prime factors of g.
2, 7, 631
Let b = -43 - -22. Let d = b + 144. Suppose -d = -2*r - 2*s + 3*s, -3*s = -r + 49. What are the prime factors of r?
2
Let h = 34545 + -8100. List the prime factors of h.
3, 5, 41, 43
Let m(v) = -4*v - 72. Let w be m(-15). What are the prime factors of (4/w)/((-9098)/2274 + 4)?
379
Suppose 0 = -a + 3, -2*a - 875 = 3*m + 1069. Let f = 922 + m. List the prime factors of f.
2, 17
Let w(d) = 3*d - 17. Let y be w(14). Suppose -b + 418 = s + 34, 5*s = y. What are the prime factors of b?
379
Let b be 3 + ((-4970)/(-12) - (-10)/(-60)). Suppose b*q - 5432 = 409*q. List the prime factors of q.
7, 97
Suppose 6*z - z - 45 = -t, -14 = -3*z + 2*t. Let w(c) = 43*c - 30. What are the prime factors of w(z)?
2, 157
Suppose -2*l + 48*x - 44*x = -32480, 0 = -5*l + 3*x + 81256. List the prime factors of l.
2, 127
Suppose -4*j = -7 - 5. Suppose 2*n = 2*v + 128, j*n + n - 283 = -5*v. Let q = n + 45. What are the prime factors of q?
2, 7
List the prime factors of (-4410)/12*1872/(-21) - (-20 - -16).
2, 8191
Let s = 14421 + 13936. What are the prime factors of s?
7, 4051
Suppose -30987 = 28*f - 8195. Let o = f + 910. List the prime factors of o.
2, 3
Suppose -4*r + 3*a + 11562 = 5*a, 5*a + 2896 = r. What are the prime factors of r?
7, 59
Let g = -6440 - -9451. List the prime factors of g.
3011
Let w(d) be the second derivative of -d**3/6 + 5*d**2 + 3*d. Let m be w(2). Let b(o) = -o**3 + 9*o**2 + 7*o - 9. List the prime factors of b(m).
3, 37
Let z = 393 - 360. Let s(r) = 2*r**2 - 44*r + 23. List the prime factors of s(z).
7, 107
List the prime factors of (0 - -3)*(670 - 67).
3, 67
Suppose -27*o + 51*o = 28*o - 16536. List the prime factors of o.
2, 3, 13, 53
Suppose 5*b + 3*y + 5 = 0, 4*b - 4*y - 10 = 18. Suppose -3*t + 2784 = 5*d, 5*d - t = b*t + 2796. List the prime factors of d.
2, 3, 31
Let w(j) be the third derivative of 0 - 7/6*j**3 - 7*j**2 - 13/60*j**5 + 0*j - 17/24*j**4 - 1/120*j**6. What are the prime factors of w(-13)?
2, 107
Let b = -12 - -42. Suppose -28*h = -b*h. What are the prime factors of (35/(-70))/(h + 2/(-260))?
5, 13
Suppose 0 = -54*m + 51*m + 27. Suppose -m*j + 7*j + 394 = 0. List the prime factors of j.
197
Suppose -m = -2*s - 6089, -3*m + 20*s + 18270 = 15*s. What are the prime factors of m?
5, 23, 53
Suppose -15*d + 45 = 135. Let r(a) = -a**3 - 2*a**2 + 7*a - 6. What are the prime factors of r(d)?
2, 3
Let v be (279 + -1)*(-9 + (-130)/(-20)). Let i = 1200 + v. List the prime factors of i.
5, 101
Let a = -769 - -949. Let z be 1*(104 + -2*1). Let j = a - z. What are the prime factors of j?
2, 3, 13
Suppose 273*k + 2035326 = 340*k. List the prime factors of k.
2, 3, 61, 83
List the prime factors of -10 + 7 + 9007 - (4 + -6 + -1).
9007
Let v(t) = 1 - 4 + 7*t - 61*t**3 + t**2 + 57*t**3. Let h be (-26)/6 - (-3)/9. List the prime factors of v(h).
241
Suppose 1713*z = 1718*z - 2*s - 70386, 0 = 4*z + 5*s - 56322. What are the prime factors of z?
2, 7039
Let a(t) = -7*t - 6. Let r be a(-4). Suppose p = 2*q + r, 4*p = 3*p + q + 18. Suppose 12*j = p*j - 266. What are the prime factors of j?
7, 19
Suppose q + 4*q = 0. Let b = 303 + -299. Suppose q = o + 2, 2*i = -o + b*o + 30. List the prime factors of i.
2, 3
Suppose -56 = 2*t - 5*t + 4*m, -4*t + 5*m + 74 = 0. List the prime factors of 5/(40/2038) + 4/t.
3, 5, 17
Suppose -2*x - 60 = -8*x. Suppose -6 = -13*k + x*k. Suppose -k*v + 76 = -52. List the prime factors of v.
2
Let n = -82 + 82. Let u be (-2)/((-8)/(-1996)) + n. List the prime factors of -4 - (3 + u)/2.
2, 61
Let d(a) = 19*a + 37. Let j be d(0). What are the prime factors of j + 535 + 2*2?
2, 3
Suppose 11*r - 14 = 52. Let m = r + -3. Suppose 4*s - 5*b - 99 = 218, -m*s + 237 = -4*b. What are the prime factors of s?
83
Let z = 14754 - 8302. What are the prime factors of z?
2, 1613
Let c(x) = -10*x**2 + 3*x + 105. Let r(z) = -3*z**2 + z + 35. Let y(a) = 2*c(a) - 7*r(a). Let v be y(-7). List the prime factors of (1 - -12)/((v/24)/7).
2, 13
Let j(k) = 5*k - 50. Let g be j(13). Let d(u) = 3*u**2 - 20*u - 17. List the prime factors of d(g).
2, 179
Suppose -81*k = 91*k - 55*k - 3123549. What are the prime factors of k?
3, 11, 809
Suppose -5*n + 0*a - 274 = 4*a, -3*n - 2*a = 164. Let p be (n/45)/(849/425 + -2). Suppose p = 3*t + 2*t. What are the prime factors of t?
2, 3, 17
Suppose 24 = 2*v + 2*y, -3*y - 2*y + 32 = v. Suppose -18*m - v = -19*m. Suppose 2*c + 5 + m = 2*a, -16 = -2*a - 2*c. List the prime factors of a.
7
Suppose -5*b - 310 = -5*p, -6*p + 5*b + 178 = -3*p. Suppose 5*g + 249 = 4*d, d - 58 = -g - 2*g. Suppose d*c + 330 = p*c. List the prime factors of c.
2, 3, 11
Let k = -6593 - -26564. List the prime factors of k.
3, 7, 317
Suppose -9 = 3*v - 5*z, 2*v - z = 4*z - 6. Let p be (201/4)/(1/4). List the prime factors of 3/(0 - v) + p.
2, 101
Let r(c) = 339*c - 942. What are the prime factors of r(12)?
2, 3, 521
Let c = -386 - -391. Suppose c*u - 1153 = -2*w + 1887, 5*w - 1843 = -3*u. What are the prime factors of u?
2, 3, 101
Suppose -5*a + 31450 = -5*w, 0 = -5*w + 64 - 24. List the prime factors of a.
2, 47, 67
Let k = 9499 - 7569. List the prime factors of k.
2, 5, 193
Suppose 0 = -70*k + 66*k + 3*i + 89789, -3*k + 67368 = 3*i. What are the prime factors of k?
11, 13, 157
Suppose 0 = -15*n + 257217 - 3447. What are the prime factors of n?
2, 11, 769
Let f(c) = -47*c - 14. Let b be (-1)/((-9)/6)*-6. List the prime factors of f(b).
2, 3, 29
Let x = 92945 - 64926. List the prime factors of x.
28019
Let i be (0 - -23)*(2 - -9). Suppose -2*y + i + 387 = 0. Suppose -5*t + 0*t + y = 0. List the prime factors of t.
2
Let n be 3*2 + 1004 + 22. Suppose 19*l = 16*l + n. What are the prime factors of l?
2, 43
Suppose 1667*j = 1665*j + 1434. Suppose -5*k + 2772 = j. What are the prime factors of k?
3, 137
Let f(j) = -703*j + 42. Let n be f(-16). Suppose 59923 = 29*g + n. List the prime factors of g.
3, 13, 43
What are the prime factors of 1004500/180 + (-4)/(-9)?
5581
List the prime factors of (-3137665)/1085*(-8 + 1).
31, 653
Suppose -p = -k + 4*p + 11839, -3*p + 82759 = 7*k. List the prime factors of k.
2, 739
Let q(i) = -i. Let p(j) = 552*j + 16. Let r(u) = -p(u) - 12*q(u). What are the prime factors of r(-2)?
2, 7, 19
Let v = -2194 - -6689. Suppose 23*w - v + 516 = 0. List the prime factors of w.
173
List the prime factors of (43 + -37)/((42/(-34640))/(-7)).
2, 5, 433
Let v(w) = -2*w + 10*w**2 - 77 + w**3 + 71 + 21. Suppose 3*j - 2*j = 4*r + 43, 7 = -r - j. List the prime factors of v(r).
5, 7
Suppose -f = 5*v + 343 - 10580, f + v = 10217. What are the prime factors of f?
2, 3, 23, 37
Let d be ((-20)/(-15))/(20/(-12))*-30. Suppose -d = 2*l - 92. What are the prime factors of 1/((-32)/l + (-3 - -4))?
17
Let i = 46958 - 24220. List the prime factors of i.
2, 11369
Let f(p) = 5*p**3 - p**2 + 8*p + 79. What are the prime factors of f(14)?
5, 13, 211
Suppose 0 = -5*f + 1 - 26, -3*v + 33 = -3*f. Let k(p) = 7*p